-13*j + 3*c = -12*j - 21, -4*j + 5*c + 105 = 0. Suppose a = 3*t + 1035, -4*a + 35*t - j*t = -4147. What is the hundreds digit of a?
0
Suppose 138*k - 1031200 = -17*k + 1191655. What is the units digit of k?
1
Suppose -5840 = -p - 29*d + 30*d, 2*p - 3*d = 11683. What is the thousands digit of p?
5
Let r(f) = f + 12. Let g be r(-16). Let k be -1 + ((-4)/4 - g). Suppose -5*p + 2*w = -682, -256 = -2*p + 7*w - k*w. What is the units digit of p?
8
Suppose 838*x + 2668276 = 884*x. What is the ten thousands digit of x?
5
Suppose -4*v + 1 + 19 = 0. Suppose -2*f + 1 = -v. Suppose -r = 2, -r = 2*g - f*g + 88. What is the tens digit of g?
8
Suppose m + 1732 - 7736 = 0. What is the thousands digit of m?
6
Let i be 56/(-84) + (-16)/3. What is the tens digit of 3003/i*(-19)/(152/16)?
0
Suppose 2*j = j + 2. Suppose 0 = 4*v + 5*l - 13, j*v = -3*l + 2 + 5. Suppose -v*y + 5*c = -212, 0 = 3*y - c + 104 - 435. What is the tens digit of y?
1
Let g(s) = -10*s - 6. Let m be g(-2). Suppose -m = 4*q - 126. What is the units digit of q?
8
Let o = 36212 + -24537. What is the hundreds digit of o?
6
Suppose 3*y + 2368 = k, y - 93 = -94. What is the units digit of k?
5
Let f = -426 - -10065. What is the hundreds digit of f?
6
Suppose 3*f - 2 = 2*f. Suppose 0 = -h + f*l + 606, 606 = h - l + 2*l. Suppose 12*z + h = 18*z. What is the hundreds digit of z?
1
Suppose -46 = -u + 86. Suppose 25 = 5*t + 5*j, -2*t - 5*j - 22 = -41. Suppose -98 = -t*k + u. What is the hundreds digit of k?
1
Suppose 0 = 3*a - 7*a - 28. Let t be (-3 - a)/4 - -28. Let v = t - 3. What is the units digit of v?
6
Let r(g) = -2 + 73*g + 111*g + 34*g - 137*g. Suppose 5*s - 3*s - u = 3, 3*u - 21 = -4*s. What is the tens digit of r(s)?
4
Let i be 2092/(-5) - ((-8)/10)/2. Let p = -295 - i. What is the hundreds digit of p?
1
Let g be 4/(-3) - (-76)/3. Suppose 19*i + 70 = g*i. Suppose -i = -p + 38. What is the tens digit of p?
5
Let g = 36 + -31. Suppose 3*u - 4 = g. Suppose -3*l + 64 = -2*l - u*k, l = -5*k + 56. What is the units digit of l?
1
Suppose -o = v - 7287, -4*o + 36430 = -637*v + 642*v. What is the hundreds digit of v?
2
Let q = 89346 - 49895. What is the tens digit of q?
5
Let i be -10*(-1)/2*1. Suppose 4*k = 5*w - 54, w - 17*k = -15*k + 12. Suppose 0 = -4*s + i*g + 51, 5*g = 15 + w. What is the tens digit of s?
1
Let p = 67 + -80. Let w(r) = -r**2 - 13*r + 6. Let c be w(p). Suppose c*d + 0*d = 312. What is the tens digit of d?
5
Suppose 2*f = -4*y + 224406, -1219*f = -2*y - 1222*f + 112213. What is the hundreds digit of y?
0
Let x(a) = a**2 + 2*a - 22. Suppose 0 = 14*t - 12*t - 50. Let r = t - 32. What is the tens digit of x(r)?
1
Let i(k) = -4*k + 265. Suppose 5*s = -3*g + 286, 4*s = -5*g + 655 - 187. Let r = g - 92. What is the units digit of i(r)?
5
Let h = 4 - 4. Suppose 11*p - 87 - 23 = h. Let j(d) = -d**3 + 10*d**2 + 20*d - 13. What is the tens digit of j(p)?
8
Let m = 21700 + -10374. What is the thousands digit of m?
1
Let i(k) = k**2 + 16*k + 19. Let z be i(-14). Let d be z/(-4)*32/6. Suppose 3*x + x = d, 9 = 3*s - 3*x. What is the units digit of s?
6
Let r be 160/(-24)*(-12)/16. What is the tens digit of (-2)/((r/124)/(-5))?
4
Let q(r) = r**3 + 5*r**2 - 3*r - 5. Let d be q(-6). Let p = d - -363. Suppose 5*x = 9*x - p. What is the tens digit of x?
8
Let d = -104 + 113. Suppose d*s - 5*s = 6104. Suppose 3*a + s = 17*a. What is the units digit of a?
9
Let f(r) = -171*r + 125. What is the units digit of f(-56)?
1
Suppose -19*v - 632339 = -1149527 - 1247988. What is the hundreds digit of v?
9
Suppose -44486*s - 114044 = -44514*s. What is the thousands digit of s?
4
Let f(q) = 161 - 112 - 6*q + 214. Let h be f(0). Let w = -152 + h. What is the hundreds digit of w?
1
Suppose -2*a + 5*z = -3*a + 1132, -z + 3424 = 3*a. Suppose 4*o + 2*v = a, -2*o + v + 1145 = 2*o. What is the hundreds digit of o?
2
Let v be 896/4 + 3 - -2. Suppose h - v = -5*o - 0*h, 2*h - 44 = -o. Let i = -33 + o. What is the tens digit of i?
1
Let l(n) be the first derivative of 43*n**4/4 - 8*n**3/3 + 25*n**2/2 + 4*n - 63. What is the thousands digit of l(3)?
1
Let h = -95 + 69. Let k = 33 + h. What is the tens digit of (-10 + k + 90/8)*20?
6
Let d = -1049 + 3563. Let j = d - 1715. What is the hundreds digit of j?
7
Suppose -6*w = 2*w - 16. Suppose 3 = u - w*u. What is the units digit of ((-9)/(-18))/(u/(-12))?
2
Suppose 4*u - 16 = 13*j - 17*j, -2*u + 6 = 4*j. Let i(t) = 0*t - 3*t**2 + 4*t**2 + 3*t + 19. What is the tens digit of i(u)?
5
Suppose -2*b + 19342 = 2*s + 2156, 34382 = 4*s - 6*b. What is the thousands digit of s?
8
Let q = -7066 + 14853. What is the units digit of q?
7
Let f = 59 + -17. What is the hundreds digit of f/2*(-216)/(-14)?
3
Suppose 0 = -3*d - 4*a - 2388, 3*d + 5*a - 9*a = -2412. Let v = -385 - d. What is the hundreds digit of v?
4
Let y(g) be the first derivative of -39*g**2 - 292*g - 225. What is the tens digit of y(-10)?
8
Let c = 531 + 1353. Suppose 0 = -4*k + 2*a + 1884, a = -7*k + 11*k - c. What is the units digit of k?
1
Let t(m) = 9*m - 81. Let n be t(9). Let v(l) = -6*l + 65. What is the units digit of v(n)?
5
Let n(l) be the first derivative of -8*l**2 + 12*l + 3. Let k = -30 - -25. What is the units digit of n(k)?
2
Suppose -5*l = 3*z - 9*l + 4792, 4*l - 7984 = 5*z. Let f = -784 - z. What is the hundreds digit of f?
8
Let f = -81 + 83. Let o be 191/f*(-15*2)/(-5). Suppose 3*b - 181 - 400 = -i, -3*i = -3*b + o. What is the units digit of b?
3
Let c = 18783 + -5271. What is the ten thousands digit of c?
1
What is the hundreds digit of 13/((-1014)/12) + 85288/52?
6
Suppose 6*y - 16*y + 695877 = 3*y. What is the hundreds digit of y?
5
Suppose -7*a + 9*a = 20. Suppose -a*x + 289 = -8*x - 5*c, -5*x - 3*c + 738 = 0. What is the units digit of x?
7
Let a = 747 - -10392. What is the thousands digit of a?
1
Let c(w) be the first derivative of w**4/4 - 10*w**3/3 - 23*w**2/2 - 6*w + 34. Let x be c(12). What is the units digit of ((-988)/(-12))/((x/(-2))/(-9))?
7
Suppose -a - 3268 = -3*g, 2*g - 3*g - 3*a + 1106 = 0. Suppose -2*h - 6*u + 728 = -3*u, -3*h - 4*u = -g. What is the units digit of h?
1
Suppose 0 = -3*r + 5*l - 30, 5*r = -2*l - 14 - 5. Suppose 108 = 3*q + q + 4*y, -4*q = -3*y - 115. Let t = r + q. What is the tens digit of t?
2
Let a(t) = -11*t + 2. Let z be a(4). Let h be (-3)/4 - (2871/44 - 9). Let v = z - h. What is the tens digit of v?
1
Let f = 108188 + -47100. What is the tens digit of f?
8
Suppose 42*b = 28152 + 194028. Let w = -3747 + b. What is the units digit of w?
3
Suppose -13 = -13*d + 117. Suppose d*w = -120 + 2610. What is the tens digit of w?
4
Let i be (1*(-2)/(-1))/(4/18). Suppose 2*h - 22 = -i*h. Suppose -400 = h*z - 7*z. What is the tens digit of z?
8
Let w be (-12)/(-20) + (-194)/(-10). What is the tens digit of 278/(-3)*(-4 - (-50)/w)?
3
Let p = 38 - 21. Let o = p - 12. Suppose 5*w - o*l = 505, 3*w = 3*l + 2*l + 305. What is the units digit of w?
0
What is the tens digit of 1 + -5 + (-657308)/(-32) + (-18)/(-144)?
3
Let f = -96 + 100. Suppose -26 = f*q + 54. Let h(d) = d**2 + 15*d - 25. What is the tens digit of h(q)?
7
Let b(y) = -5*y + 16. Let r(i) = -5*i + 33. Let k(q) = 24*q - 165. Let g(j) = 4*k(j) + 21*r(j). Let z(p) = -7*b(p) + 4*g(p). What is the units digit of z(14)?
6
Suppose a - 2 = -2*q, 41*q - 13 = -2*a + 46*q. Suppose o = -0*o + 16. Suppose -a*z = -o - 16. What is the units digit of z?
8
Let q(l) = -29*l**3 - 19*l**2 - 47*l - 38. What is the units digit of q(-8)?
0
Let i be 10/4*104/10. Let s(l) = 12*l - 11. Let z(f) = 11*f - 11. Let o(x) = -3*s(x) + 4*z(x). What is the units digit of o(i)?
7
Suppose 29*t - 775441 - 489220 = 0. What is the hundreds digit of t?
6
Let l(v) = 272*v**3 - 51*v**2 + 37*v - 3. What is the ten thousands digit of l(5)?
3
Let y(m) be the second derivative of m**4/12 + 3*m**3/2 - 55*m**2 + 29*m. What is the hundreds digit of y(18)?
3
Let n be 1 - (-5110 + (-18)/(-3)). Suppose 4*f - 5095 = -3*d - 2*d, 2*f - n = -5*d. What is the tens digit of d?
2
Suppose -5*x = r - 18979, 2*x - 20613 = 5*r - 115427. Suppose 3886 = -14*n + r. What is the thousands digit of n?
1
Let p = 140 - 127. Suppose p*r - 656 = 5*r. What is the units digit of r?
2
What is the units digit of 7177 - (-13 + 26) - (-2 - -4)?
2
Let q be (1 + 5)/(-3)*1629/6. Let l = q - -653.